 -a*d - 232. What is the highest common divisor of y and d?
20
Let m(h) = -3*h**2 + 17*h + 5. Suppose -5*d - 10 = -3*d. Let j be m(d). Let s = 340 + j. What is the greatest common factor of s and 37?
37
Let v = -95 + 193. Suppose 5*x - 4*g + 26 = 0, 31*x - 2*g = 30*x + 2. Let s = x + v. What is the greatest common factor of s and 22?
22
Suppose -4*q + 6*q = 602. Suppose 13 = 4*c - 3*o, 3*o = 3*c + 2*o - 16. Calculate the greatest common factor of c and q.
7
Let y = 175 - -21. Suppose -y = -10*a + 3*a. Calculate the greatest common divisor of a and 35.
7
Let c be ((-184)/(-10))/(((-78)/(-13))/30). Let m = 197 + -96. Suppose 2*d = 4*l - c, 5*l = -2*d + 32 + m. What is the greatest common divisor of l and 5?
5
Let a = 91 - 65. Let w = a + -22. Let h be (3*6)/(24/16). Calculate the highest common factor of w and h.
4
Let x(h) = 233*h - 11528. Let f be x(52). Let t = -60 - -144. What is the highest common divisor of t and f?
84
Let w(z) = -z**3 - 2*z**2 - 3*z - 15. Let t be w(-3). Suppose -5*l = t*m - 48, 0 = 2*l - 3*m - 7 - 8. Calculate the highest common factor of 9 and l.
9
Suppose -23*x + 11416 - 7398 = 26*x. What is the greatest common divisor of 24108 and x?
82
Suppose j - 5*y = 9, -12 = -12*j + 8*j - 4*y. Suppose 1456 = g + 3*g - 4*w, -j*w - 730 = -2*g. Calculate the greatest common factor of 33 and g.
33
Let w = -60 - -500. Let i be 0 - 1/1 - -41. What is the highest common factor of w and i?
40
Let n(i) be the third derivative of 13*i**4/24 - 215*i**3/6 + i**2 - 331*i. Let k be n(23). Calculate the highest common factor of k and 189.
21
Let n(g) = -2*g - 15. Let j(b) = 1 + b**2 - 12*b + 4 + 4. Let x be j(10). Let r be n(x). What is the highest common divisor of 1 and r?
1
Suppose 2*p = -p - 57 + 1722. Calculate the highest common divisor of 165 and p.
15
Suppose -22 = -10*h + 38. Let b be h*(-5 - (3 + -17)). Calculate the highest common divisor of 18 and b.
18
Let b be 63/1 - (0 + 0). Let p be (-74)/111 - -2081*(-1)/(-3). Calculate the highest common divisor of b and p.
63
Suppose -17*f = 5296 + 22057. Let p = f - -2478. Calculate the highest common divisor of 79 and p.
79
Let m = 268 + -310. Let w be 2/(-3) + 7/(m/(-1492)). What is the highest common factor of 8 and w?
8
Suppose -38471 = -207*c + 6241. Calculate the greatest common divisor of 288 and c.
72
Suppose -20*a - 48*a + 875678 = 50*a. What is the greatest common factor of 41 and a?
41
Let v be -12*(10/(-6) + 1). Suppose -4*j = -v*j + 176. What is the highest common divisor of 8 and j?
4
Let u(k) = -k**3 - 12*k**2 - 6*k - 80. Let l be u(-15). Let w = 729 - l. Calculate the greatest common divisor of 32 and w.
4
Let k(a) = 352*a - 22. Let i be k(3). Suppose 4*g = 15*g - i. Calculate the highest common divisor of g and 2.
2
Let s = -49 + 52. Suppose -4*t + 76 = 4*q, 11*t = 16*t + s*q - 97. Calculate the greatest common divisor of t and 4.
4
Let x = -17822 + -36308. Let u be x/(-190) - (-6)/57. What is the highest common divisor of u and 57?
57
Let q(z) = -18 + 3 - 15 - 3 + 7*z. Let k be q(8). Let c = 590 + -406. What is the highest common divisor of k and c?
23
Let q = 33 - 31. Suppose 20*k + 272 = 952. What is the greatest common factor of k and q?
2
Suppose -6*s = -4*s + 24. Let m = 14 + s. Suppose t - 39 = -3*k, -8*k + 7*k + 20 = -m*t. Calculate the highest common factor of 7 and k.
7
Suppose 165 = 226*z - 64*z - 159. Suppose 5*i - 53 - 12 = 0. Calculate the highest common divisor of z and i.
1
Suppose -3*h + 29 = 4*p, -5*h - 4*p = -h - 40. Suppose -285*u - 848 = -283*u. Let b = -358 - u. Calculate the highest common divisor of h and b.
11
Let x be 10/(-8)*(-8)/5. Let m = 2 - 0. Let c(r) = 9*r. Let s be c(m). What is the highest common divisor of s and x?
2
Suppose 2*b + 2*q - 16 = 0, -833*q + 837*q = -2*b + 20. Suppose 43 = 2*c - 89. Calculate the highest common divisor of c and b.
6
Let g = 23 - 8. Suppose 8*b + g = 39. Suppose 0 = 5*c - 8 - 7. Calculate the greatest common factor of b and c.
3
Let b be 7/(-14)*(-3906)/93. Let j = -2 - -3. Let a be (j/3)/((-3)/(-63)). Calculate the greatest common divisor of a and b.
7
Let o = -7503 + 10989. Calculate the highest common divisor of 42 and o.
42
Let v(s) = -619*s - 3084. Let w be v(-5). What is the highest common divisor of 4059 and w?
11
Let o be (33/22)/(3/942). Let x be o/12 - (-8)/(-32). What is the highest common divisor of x and 273?
39
Suppose -10*r = -11*r + 2. Suppose -y + r*y = 6. Let b be (-12)/18*-3 + y. Calculate the highest common factor of 2 and b.
2
Let v(o) = o**3 + 22*o**2 + 34*o + 15. Let a be v(-15). Suppose -a = -90*t + 85*t. What is the greatest common divisor of 144 and t?
72
Let g(h) = -h + 69. Let d(z) = -4*z - 92. Let k be d(-29). Let x be g(k). Calculate the greatest common divisor of x and 30.
15
Let g(j) = 5*j + 20. Let t be g(-4). Let y(c) = -24*c + 77. Let q be y(t). What is the greatest common factor of 11 and q?
11
Suppose 0 = -3*s - 27, 5*v = 7*v + 5*s + 3. Calculate the greatest common divisor of 5901 and v.
21
Let q = 444 + -188. Suppose 640 = 4*f + q. What is the greatest common divisor of f and 240?
48
Let x be 56/(-7) + 1431 + (-3 - (-6 + -4)). What is the highest common divisor of 220 and x?
110
Let u = -8 + 43. Let j(a) = 7*a + 32. Let y be j(-4). Suppose y*n + 312 - 1432 = 0. What is the greatest common divisor of n and u?
35
Suppose 20*r = 10*r + 16*r - 12. Calculate the highest common factor of 510 and r.
2
Let t(v) = -3*v**2 + 10*v + 19. Let g be t(3). What is the highest common factor of g and 66?
22
Let g be -164*((-174)/48)/(3/6). What is the greatest common divisor of 145 and g?
29
Suppose 5*i - 35 = 0, -553 = -4*d - 28*i + 29*i. Calculate the greatest common divisor of d and 602.
14
Let d be 0/(-1 + 0) - -38. Let z be (10/6)/((-10)/(-6)). Let c be 224/12 + z/3. Calculate the greatest common divisor of c and d.
19
Suppose 5*j = 3*v + 40, -14*j + 11*j = -5*v - 24. Let u(m) = -2*m**3 + 25*m**2 - 13*m - 20. Let l be u(11). Calculate the highest common factor of l and j.
8
Suppose 2*y + y = 270. Suppose -6*v = 3*m - 11*v - 26, 0 = -5*m + 4*v + 39. Suppose -m*t - 20 = -9*t. What is the highest common factor of t and y?
10
Suppose 4*p + 16 = 0, 0*p + p = c + 14. Let q = -9 - c. Suppose q*y - 81 = 270. Calculate the highest common divisor of 26 and y.
13
Let x(l) = 24*l**2 + l. Let d be x(-1). Let r be 30/(-75) + 4/10. Suppose -2*g - t + 88 = 0, g - t = -r*g + 50. Calculate the highest common factor of d and g.
23
Let z(k) = 38*k**2 - 42*k + 71. Let m be z(3). What is the highest common factor of m and 164?
41
Let j(u) = 25*u**2 - 12*u - 125. Let b be j(16). What is the highest common factor of 385 and b?
77
Let c = -23 - -57. Suppose -10*l + 7072 = 3*l. What is the highest common divisor of c and l?
34
Let n = -7255 - -8479. Calculate the highest common divisor of n and 340.
68
Let r(h) = 21*h**2 + 4*h - 1. Let k be r(5). Suppose -23*x = 151049 - 151831. Calculate the greatest common divisor of k and x.
34
Let o be 4/(-6) - (-238)/6. Suppose -752*s - 24532 + 99030 + 69148 + 2994 = 0. Calculate the highest common factor of o and s.
39
Let p = -8756 - -17079. What is the greatest common divisor of 123 and p?
41
Suppose 9*n - 5*c = 4*n - 510, 0 = -3*n + c - 296. Let f = n + 143. Suppose -m + f = -17. What is the highest common divisor of m and 9?
9
Let m = 1540 + -1505. What is the greatest common divisor of 17780 and m?
35
Let s be -6*-7*14/4. Suppose -3*u = 4*f - 5 - 14, 5*u = -f - 8. What is the greatest common divisor of s and f?
7
Suppose 22*f - 1782 = -88. Suppose -j - 2*j + 46 = 4*d, 0 = j - 2*d - 32. Calculate the greatest common divisor of j and f.
11
Suppose -4*p + 6 = -t + 26, 0 = -3*t - 4*p - 20. Suppose -3*y + 219 = -3*w - 309, t = -5*w. Calculate the highest common factor of y and 16.
16
Suppose 86*w - 3644 = 4956. What is the greatest common divisor of w and 12?
4
Let k(h) = 4*h - 27. Let t be k(9). Let a be ((-50)/6)/(3/9). Let o = 43 + a. Calculate the greatest common divisor of t and o.
9
Let n(z) = -z**3 + 28*z**2 + 66*z - 223. Let t be n(19). Calculate the highest common divisor of t and 40.
40
Let j be (4 - (-343)/(-28))/((-6)/64). Suppose -18 = -h + 5*q - 0*q, -3*h + 18 = 3*q. Calculate the greatest common divisor of j and h.
8
Let x = 22543 - 12006. What is the h